uate -4 - 5 - (-12 + 44 + -6 - 48).
13
Calculate 10 + 1 + (1 - (-2 + 21)) + 36.
29
18 + 3 + (11 - (6 - (-2 + 70)))
94
What is (-670 - -665 - (1 - 34)) + -24?
4
What is 1646 + -1626 + (-1 - 29)?
-10
Calculate -27 - 12 - (77 - 129).
13
What is -12 + 72 + -63 + (1 - -23) + 0 + 6?
27
What is 16 + 17 + -5 + -13 + 4 + -9?
10
-1 + 4 + 2 - (24 + -13 - -13 - -62)
-81
Calculate (0 - (-21 - -13)) + -2.
6
(13 - (10 - (51 - -14)) - -20) + 19
107
Evaluate (1 - -1 - (36 + -33)) + -9 + 6.
-4
What is -8 + -1 - (3 - 4 - (18 - (1 + 18)))?
-9
Evaluate 12 + (17 - 0) + -242 + 215.
2
What is (21 - 0) + (-34 - (32 - 32))?
-13
Evaluate (-22 - 22) + 86 - -2.
44
What is 20 + -1 + 209 + -175 + -23 + -1?
29
-46 + (-33 - (12 + -34 + -168))
111
What is -1 + 8 - (-69 + 205 - 116)?
-13
What is -20 + 8 - (15 + (-17 - (-11 - -3)) - 72)?
54
Evaluate 62 - (-43 + 18 - -54).
33
(-53 + 38 - -54) + -26
13
What is the value of (2 - 25) + (-6 - -19) - 38?
-48
(-1025 - -992) + (-1 - (9 + 2)) + -3
-48
What is the value of (-36 - 61) + -71 + 209?
41
What is the value of (41 - (-117 - -56)) + -60?
42
What is the value of -19 + (81 - (-57 - -82))?
37
What is (-32 - -13) + 10 + -17 + 8?
-18
What is the value of (51 + -6 - -12) + 9 + (-39 - -29)?
56
What is the value of (43 - 46) + 32 + -2?
27
Calculate 157 + -1 - (-4487 + 4560).
83
What is (-209 + 106 - -55) + 107?
59
What is the value of (36 - (25 - (-17 - -42))) + -83?
-47
What is the value of 3 + 10 - (-45 + -42 + 42 + 150)?
-92
Calculate -17 + 35 + 2 + (-31 - 2).
-13
Calculate 6 - 2 - ((18 - (6 + -3)) + (-9 - 108)).
106
Calculate (-5 - 5) + -50 - (275 - 296).
-39
68 + 13 + -2 + (-55 + 62 - (18 - 9))
77
74 + -100 + 76 + -108
-58
What is the value of 2 - -7 - ((-6 - -12 - 18) + 48)?
-27
(23 - 24) + -11 + 22 + 5 + -1
14
-5 + 2 + -19 + (-12 + 9 - -18)
-7
Evaluate -14 - (13 + (-78 - 0) + 260 + -256).
47
Calculate 6 + (-112 + 85 - -103).
82
What is (563 - 526) + -9 + (-5 + 5 - 0 - -3)?
31
0 - 203 - (3825 + -3949)
-79
Calculate 91 + -10 + -8 - 55.
18
-23 + 96 - (-80 - -109)
44
(1 - (-11 - -13 - 87)) + -3 + -19
64
(-101 - -2) + (-4082 - -4096)
-85
What is the value of 21 - (18 - (35 + -14 - 30))?
-6
36 + (8 + 24 + -5 - (18 - 5))
50
What is the value of (34 - -1) + (1 - 3) + 2 + -3?
32
What is the value of 8 - (36 + -4 + -33 - (-1 - -52))?
60
What is the value of (2 - 6) + (-3810 - -3764)?
-50
Calculate -21 - -6 - (377 - 335).
-57
Calculate 5 + 2 - (2 + -5) - (-203 + 195).
18
What is the value of 29 - (-20 + -99 - -58)?
90
Evaluate (2 - 10) + 0 + (-15 - -24) + -10.
-9
Evaluate (-55 - (-98 - -51)) + 28 + -16.
4
(264 - 61 - 114) + 21
110
4 + (4 - 10) - (51 - (12 + 16))
-25
(-76 - 44 - -53) + 80
13
52 + -159 - (-181 - -170)
-96
What is -2232 + 2301 - (-1 + 61)?
9
Calculate (1 - -9 - (-2 - 64) - (-6 - -14)) + 0.
68
What is the value of (72 - 119) + (12 + -6 - 6) + 4?
-43
Calculate (-29 - (-108 - -83)) + (1 + -2 - 2 - 9).
-16
(5 - (8 + -12 + -7)) + -21 - (0 - -1)
-6
Evaluate 27 + -23 + (-6 - -1 - 7) + 7.
-1
-18 + 33 + (-6 - 4) + 20
25
-56 - (-6 + 2 - ((0 - -2) + (-6 - -11)))
-45
What is the value of 3 + -32 + 86 + -16?
41
0 - (24 + (32 + -21 - 8))
-27
14 - (-26 + -7 - -7 - 15) - 16
39
Evaluate (19 + 123 - 88) + 14 + 3.
71
Calculate -13 + (-3 - (11 - 3)) + 19.
-5
What is -14 + 26 - (1 + 2) - (-4 - 13)?
26
Evaluate 2 + -166 + (-560 - -648).
-76
What is the value of (-13 - (-3 - (7 - (2 + 2)))) + (4 - -25)?
22
Evaluate 43 - ((-24 - -131) + (-65 - -99)).
-98
What is the value of -4 - ((12 - (0 - (10 - 1))) + (2 - -3))?
-30
What is the value of 44 + -102 + 46 - -46?
34
What is -4 - (-15 + -26 + 20) - 4?
13
What is the value of -4 + (5 - (-2 + 0 - 0)) + -776 + 770?
-3
Calculate (46 - 71) + -7 + 5 + -6.
-33
Calculate (-6 + 13 - -9) + 11 - 7.
20
5 + 3 + -2 - (-644 + 659) - -13
4
What is -35 - (-42 - (-25 - -3))?
-15
What is the value of -22 + (13 - (-16 + 12 - 25))?
20
Calculate (1 - (19 - 5)) + 56 + 13 + 19.
75
What is -17 - ((20 - (7 - -19)) + -4)?
-7
Evaluate (6384 - 6318) + (-2 - 117).
-53
What is 54687 - 54686 - (-2 - 73 - 2)?
78
What is the value of 3472 - 3485 - (-2 - (-4 - (2 - 4)))?
-13
-6 + 38 + -85 + 40 - (-1 - -4 - 69)
53
-3220 + 3343 - (2 + 51)
70
What is (-41 - 15) + 2 - -119?
65
(-37 - -1) + (-197 - -200) + (-11 - 2)
-46
4 + (1 - -1) - (-3 + 7 - (-60 - -79))
21
What is 23 - (-22 + 69 - 37) - 83?
-70
Evaluate -8 + (56 - (2 + -13)) - (61 - 75).
73
4 - (-4 - (3 - 13 - -11))
9
What is -1 + 45 + 9 + (-79 + 97 - (-3 - -29))?
45
What is 54 + (-67 - (-78 - -60))?
5
What is (40 + -15 - 16) + -45?
-36
35 - (-1 - -33 - (17 + 20))
40
What is 44 + (-19 - 45) - (-9 + -2)?
-9
What is the value of 16 + (43 + -16 + -30 - 37)?
-24
What is the value of (-27 - 1) + 15 + (22 - 2 - 2) - -55?
60
What is the value of 0 + -49 + 28 + -64 + -1 + 4?
-82
What is (-180 - -177) + 60 + (-7 - -16)?
66
-66 + 88 - (-3 + 30)
-5
Evaluate 4 + (-13 - (12 + -43)) - (10 + -5).
17
What is the value of -323 - -245 - (-43 + 1)?
-36
What is the value of 28046 + -28028 - ((1 - 12) + (0 - 1))?
30
What is 64 + 5 + 18 + -21 - 9?
57
Evaluate -51 + (1 - 1 - (25 - 42 - -19)) + -5.
-58
What is 5 + 1 + (1195 - 1222)?
-21
What is -127 + (14 - (-2 + (10 - (2 + 6)))) + 9?
-104
What is the value of -2 + (-2 - 2) + -17 + (-3 + -5 - -16)?
-15
Evaluate 1 + (6 - 14 - 2 - -4 - 32).
-37
What is 4 + 9 + -17 + 8 + -12?
-8
Calculate 104 - (2 + -12) - (-9 + 33 - 6).
96
Calculate 60 + -15 + (2 - 19) - 150.
-122
What is -110 + (64 + 128 - 30)?
52
478 + -566 + -8 + 90
-6
Calculate (9 - (-21 + 29)) + -7 + 1 - (-50 - -2).
43
What is the value of ((3 - 1) + 8 - 1) + (61 - 16) + -46?
8
Calculate (-15 + 16 - (2 - 1)) + (-72 - -57).
-15
Calculate 73 + (-67 + 12 - -19).
37
What is -2 + -46 - (-830 - -788)?
-6
Calculate 1 + 3 + 30 + 11 + (28 - 59).
14
Calculate -27 + -30 - -1 - -88.
32
Evaluate -2362 + 2264 + (1 - -78).
-19
What is -202 + 161 - (-54 - 1)?
14
Calculate -11 - -17 - ((-20 - 2) + 0 - (0 - 9)).
19
What is 36 + (22 + -24 - -19) + -17?
36
What is (14 - ((35 - 19) + -16)) + -6 + 0?
8
2 - (-38 - 2) - (-3082 - -3088)
36
Calculate (-62 - -3) + (-90 - -109).
-40
What is -3 + 56 - (-111 + 204 - 101)?
61
What is (-68 - 20 - -188) + -107?
-7
72 + -50 + -10 - 19
-7
Calculate (14 - (-11 - 0 - -27) - -26) + 0 + 9.
33
(-1 - 91) + (-8 - -3 - -30 - (-111 - -129))
-85
Calculate 5 + 4 + -3 - (-56 + 162 - 84).
-16
What is (-8 - -13 - 11 - 9) + (-394 - -377)?
-32
4 + (-1 - 31) + 1 + (-628 - -622)
-33
Evaluate 24 + (-112 - -131 - (31 - -5)).
7
What is (2 - 0) + 0 - (20 + (-184 - -159)) - -31?
38
7 - ((-8 - 0) + -20 + -6 + (-16 - -18))
39
Evaluate (0 + 74 - 44) + -64.
-34
What is the value of -23 - (-1564 + 1570 + ((3 - 5) + 0 - 6))?
-21
Evaluate 60 - -62 - 80 - -95.
137
Evaluate (-59 + (21 - 19) - (2 + 1)) + (13 - 4).
-51
What is the value of (-7 - (-3 - 7) - (14 + -15)) + 89 - 11?
82
Evaluate -16 + (0 - 0) + 14 + -7 + 0 + 7.
-2
What is the value of (43 - -4) + (47 - (20 + 25))?
49
Calculate -16 - -11 - -24 - 16 - (58 - -10) - -10.
-55
Calculate 23 - (16 - (88 + -168) - (1 + 14)).
-58
What is (-57 - -6) + 123 - (5 + -6)?
73
Evaluate -23 + 34 - (-50 + 19).
42
Evaluate 43 - (101 - 73 - 13).
28
What is the value of -40 + 4 + (-69 - -10) + 35?
-60
(-11 - -11) + -4 + -3 + (1 - -1 - -86)
81
Calculate -5 + 0 - (3 + -40 - (-259 + 226)).
-1
(-2806 - -2803) + (-1 - -10)
6
Calculate 44 + (-53 - 15) + 8 + -6.
-22
Evaluate 52 + -2 + (-887 + 888 - (2 + -1 + 0)).
50
What is the value of 300 + -103 - 187 - (-93 + (-2 - (0 - 1)))?
104
What is 14 - -1 - ((3 - 13) + (111 - 96))?
10
What is the value of -86 + (17 + 19 - 18 - 3)?
-71
What is the value of -2 + -1 + 20 + -6 - (-41 - -34 - 37)?
55
14 - (5 - -91) - -18
-64
Calculate 454 + -529 - (-109 - 2).
36
What is 19 - -5 - (-408 - -470)?
-38
Evaluate (-51 - -76 - 75) + 52.
2
Evaluate -6 + (41 - 14 - (-5 + (-4 - -15) + -11)).
26
What is 2 + 60 + (-130 - -85)?
17
What is 14 + -7 + -21 + 20 + (-62 - -4)?
-52
38 + (-37 - 10) + 37
28
Calculate (46 + -9 - 3) + -6.
28
Calculate (13 - (-3 - -4)) + 5 - (2 - 8).
23
-114 + (-3 + 2 + -19 - -22) + 13
-99
What is -16 + -7 + (2 - (10 - (15 + 4))) + -81?
-93
-117 - (61 + -18 + -74 - -2)
-88
54 - (-60 - (-118 - -61) - (-1 + -8 + -1))
47
What is (1 + 10 - 0 - 0) + (-13104 - -13115)?
22
Calculate 98 + (57 - 178) + (1 - -71).
49
36 + (130 - 164 - (-17 - -2))
17
Cal